(26 - 11) + -13.
7
Evaluate -1 + -3 - (-3 + 3).
-4
What is the value of (1 - 2) + -1 + (-1 - -1)?
-2
5 + -2 - (-13 + 19) - -5
2
What is 7 - 16 - 0 - -5?
-4
What is the value of (2 - -4 - (-10 - -23)) + 15?
8
What is the value of -2 + 0 - -3 - (12 + -7)?
-4
What is (-4 - -6) + 5 + -6?
1
Evaluate (28 - 36) + 2 + 1.
-5
What is the value of 62 - 59 - (-2 + 0)?
5
What is the value of 14 + (-3 - 6) + -1?
4
What is the value of -10 + (-3 - 1 - -5) + 4?
-5
What is the value of -6 - (7 - (16 + 0))?
3
Calculate -8 - -3 - (-1 + -1).
-3
Evaluate -4 + (4 - -3) - 0 - 8.
-5
Calculate (-8 + 5 - -13) + -12.
-2
What is the value of -42 + 34 - (-5 + -5)?
2
Evaluate (-3 + -5 - -2) + 7.
1
14 + -12 - (-5 - (-1 - 3))
3
Evaluate (6 - 4 - 7) + 8.
3
What is 7 - (-6 - -2 - -9)?
2
What is -4 - ((1 - 2) + -3) - -6?
6
Calculate -2 + (1 + -11 - (-7 + 2)).
-7
What is 4 - -1 - (3 - 0)?
2
What is (-20 - (8 + -23)) + (5 - 2)?
-2
Calculate -5 - (-5 + 0 + 5).
-5
Calculate 7 + 4 + (2 - 4).
9
-26 + 13 - (3 + -1 + -5)
-10
What is (-35 - -35) + (-5 - 1)?
-6
3 + (-1 - 3) - (-8 + 3)
4
What is 5 + (3 - 10) - -2?
0
Calculate 7 - ((-5 - -1) + 12).
-1
Calculate -1 - (2 + -1) - (-31 - -31).
-2
What is the value of -10 + 1 + 19 - 9?
1
Calculate (4 - 14 - -3) + 7.
0
(5 - (-5 + 11)) + -4 + 0
-5
Calculate -1 - (-12 - -2) - 5.
4
What is the value of 0 - 0 - (0 + 2)?
-2
((0 - 3) + 0 - -3) + 1
1
Calculate -7 + 2 - (-2 - -1).
-4
-4 - (-4 + -3 + 0 + -2)
5
Evaluate 0 + -3 + (5 - 5).
-3
-2 + (-3 + 3 - 2)
-4
Calculate 43 + -37 - (0 + 0 - 0).
6
What is the value of 1 + -6 + (12 - 11)?
-4
What is 5 + -4 - 8 - -1?
-6
What is (-1 - 2) + (-11 - -28) + -7?
7
What is (-5 - -8) + -5 - -6 - 10?
-6
0 + -10 - (-3 - -2)
-9
What is the value of -5 + 5 + 4 + -3 + -6?
-5
Evaluate (3 - (-4 + 3)) + -1.
3
-3 + -4 + (3 + -2 - -1)
-5
What is -2 + -11 - -18 - 2?
3
What is 35 + -35 - (0 - 2)?
2
What is -4 - ((-5 - 1) + 4)?
-2
Calculate 2 - -1 - 8 - (-2 + -1).
-2
Evaluate 4 + 1 + -4 + -9.
-8
Calculate 1 + 1 + 2 + 29 + -31.
2
(4 - 9) + (-1 - 1 - -2)
-5
Calculate 3 - 1 - (21 - 19).
0
-4 - -1 - (-7 - (2 - 8))
-2
What is (-1 - -1) + -10 + 15?
5
What is the value of (-1 - 1) + -3 + -1 + 4?
-2
Evaluate -1 + (-18 + 16 - (1 + -7)).
3
Calculate 1 - (6 - (3 - 2 - 0)).
-4
6 - (-3 + 8 + 2)
-1
What is -14 + 0 - (-80 - -59)?
7
Calculate 5 + -1 - (1 - (-16 + 22)).
9
Calculate -4 + (2 - (4 - (1 + 3))).
-2
-13 - -4 - (0 + -1 + -3)
-5
Evaluate -10 + (3 - 1 - 0 - -4).
-4
Evaluate 3 + 8 - 5 - 5.
1
Evaluate 12 - (-1 - (2 + -8)).
7
What is (3 - 6) + -18 + 28?
7
Evaluate -7 + -3 + (-4 - (3 + -9)).
-8
Evaluate 0 + (-3 - -5) + -6 + 9.
5
What is -7 - 3 - -11 - 6?
-5
What is the value of (-9 - -1) + 2 - (-1 - 0)?
-5
What is the value of -4 - -2 - 5 - -10?
3
What is the value of -3 + (6 + -2 - 7)?
-6
What is the value of (8 - 8) + -5 + 1 + 2?
-2
Calculate -3 + -2 + (6 - 6 - 0).
-5
Calculate 12 - (4 + -6) - 5.
9
Calculate 2 + 1 + (3 - -10) + -22.
-6
What is the value of 9 - (-5 + 13 + -7)?
8
What is the value of 5 - 2 - 5 - -5 - 0?
3
Evaluate -7 - ((-11 - 0) + 3).
1
Evaluate (-2 - 17 - -1) + 316 + -309.
-11
What is the value of -1 + 2 + (-9 - (-6 + -4))?
2
Calculate 0 + (-2 - (1 - -2)) + 2.
-3
Calculate 5 + 4 + -2 - 2.
5
Calculate 1 - (5 - -2) - -4.
-2
-2 + 2 + 10 + -4 - 1
5
Calculate 15 + -14 - 2 - (0 + -8).
7
Evaluate 0 - (-2 - (-2 + 1)).
1
Evaluate (-17 - -21) + -2 + -1 + 1.
2
What is 0 + -3 + 1 + 5 - 3?
0
5 + -1 + (1 - 2) - 1
2
Evaluate 1 - (6 - (1 + 1 + 4)).
1
Calculate 5 + 0 + (-15 - -15).
5
What is the value of -8 + 14 + -14 + -3 + 6?
-5
What is the value of (4 - 3 - -7) + (-3 - 1)?
4
-6 + -7 + 20 + -4
3
What is the value of -5 - (-10 + (6 - 1 - -1))?
-1
Evaluate -10 + (0 - -8) + -3.
-5
Evaluate (0 - 0) + 2 + 1.
3
What is (-8 - (-3 + 1)) + 3?
-3
-5 - (-5 + (3 - 0)) - -6
3
Calculate -5 + -5 + 4 - (2 - -1).
-9
What is the value of 3 + 0 + -9 + 9?
3
What is -9 + (0 - -6) + 2?
-1
Calculate 11 + 2 + (-2 - 3) + 0.
8
Calculate 0 + 9 + -5 + (2 - 8).
-2
What is the value of (-12 - (-10 - (-3 - 1))) + 4?
-2
-4 + (14 - -1 - 7)
4
What is the value of -3 + (-6 - -5) - -10 - 4?
2
(-12 - 0) + -13 + 18
-7
Calculate (1 - -1) + -2 + -2.
-2
40 + -42 - (-1 - -5)
-6
Evaluate 1 + -2 + -115 + 119.
3
Calculate -2 + (4 - 2) - (21 - 16).
-5
(-6 - -14) + (-6 - (3 - 5))
4
Evaluate 3 - (-12 - (1 - 3) - -5).
8
Calculate -1 + 8 + (-6 - -3) + -3.
1
Calculate -1 + -9 + (-11 - -6) + 7.
-8
What is the value of (-2 - 1) + (0 - -2)?
-1
What is 0 + 4 + 1 + -2 - -3?
6
What is the value of -2 + 0 + (-2 - -3)?
-1
Evaluate 1 + 1 + 2 - 13.
-9
-3 - (6 - -6) - (4 - 11)
-8
Calculate 3 + -1 - (7 - 8).
3
What is the value of 2 + -5 - 2 - 1?
-6
Evaluate -3 + 1 + 3 + 0.
1
What is 4 + 2 + -5 + (0 - -2)?
3
Evaluate 1 + -5 + (3 - -1).
0
-7 + (-3 - (0 + -6)) + 2
-2
Calculate -5 + 6 + 9 + -5.
5
Evaluate 7 + (3 - 7) + 3.
6
-7 + (-5 - -6 - 1)
-7
What is 0 - (0 + -4 + 8)?
-4
What is 12 - 8 - (-1 - -8) - 1?
-4
What is 1 + 3 - (-3 + 11)?
-4
Evaluate 11 + 4 + (8 - 31).
-8
Calculate (1 - -1) + (-9 + 12 - 7).
-2
What is 11 - (0 - 2 - -12)?
1
What is the value of -1 + (-1 - 2) - 0?
-4
Calculate 2 - (-1 + 0 + -1 + 4).
0
What is the value of 17 - 12 - (0 - -7)?
-2
Calculate -3 + (0 + 2 - 3).
-4
What is the value of 6 - 13 - (-9 + -3)?
5
What is the value of -6 - (2 - 0 - (-19 + 19))?
-8
What is -3 + -4 - (1 + -5)?
-3
What is -5 + (-5 - -7 - 0)?
-3
What is 6 - (-2 - (-5 + -4 + 5))?
4
What is the value of 7 + -2 + (0 - (-2 - -5))?
2
Calculate -5 - (-2 + -3 + 3) - -9.
6
(-6 - -9) + -3 + -2
-2
1 + -5 - (3 + 0 + -6)
-1
Calculate -3 - (-8 + 15 + -12).
2
What is the value of 2 + -4 + (9 - 2) + 0?
5
1 - -4 - (12 + (-6 - -3))
-4
What is 1 + 1 - (34 + -29)?
-3
What is 1 - (-8 + 6 + -4 + 3)?
4
Evaluate -4 - ((5 - 9) + 4 - -2).
-6
Evaluate (8 - 4) + 1 + -4.
1
Evaluate 11 - ((-7 - -23) + -9).
4
What is the value of -5 + -4 + 1 + 6?
-2
What is (0 - -4 - 0) + (18 - 17)?
5
Calculate (-1 - 6) + -10 + 13 - -4.
0
What is -1 + (-1 - (-3 + -1 + 5))?
-3
What is -2 - 0 - -4 - (-15 + 14)?
3
What is the value of -1 - (3 - 8) - 9?
-5
Calculate 8 - (-4 + 8) - 7.
-3
Calculate 0 - 1 - (11 + 21 + -24).
-9
Calculate -9 + (-7 - -1 - -10).
-5
What is (6 - 3 - -3) + -1?
5
What is 8 + (-13 - (3 + -4))?
-4
(1 - (-1 - 2)) + (3 - 5)
2
Calculate (2 - 5) + -1 + 4 + -4.
-4
What is (3 - 5 - 1) + (3 - 5)?
-5
What is the value of -2 + 8 - (4 + 2)?
0
Calculate (1 - -8) + -2 + -25 + 21.
3
What is -4 - 6 - (-5 + -5 + 4)?
-4
(-8 - -4) + (-1 - -7)
2
Calculate -4 + -5 - (-2 + -4).
-3
Calculate (-30 - -34) + 1 + -2.
3
Evaluate 0 + -5 + 2 + -1.
-4
What is the value of -1 - 1 - (29 - 26)?
-5
What is the value of (3 + -6 - -1) + 2 + 1?
1
Evaluate (-4 - (-1 + 3)) + 4.
-2
-56 + 61 - (5 + -1)
1
Evaluate (-4 - 0) + 0 + 8.
4
What is the value of 8 - (-3 + -7 + 8)?
10
Calculate 11 + -21 + (12 - 5).
-3
Calculate -2 + 0 - -3 - (10 + -8).
-1
What is -3 - (-5 - (2 - (3 - -2)))?
-1
Calculate (-10 - 1) + -214 + 221.
-4
(10 - 17) + (-1 - -3)
-5
What is the value of (-2 - (2 - 7)) + -1 + 0?
2
What is the value of 0 + (-12 - -13) - (1 + -7)?
7
Evaluate (2 - 3) + -3 + 0.
-4
What is the value of -1 - 5 - -4 - 0?
-2
What is the value of 1 + (-4 - (6 + -5))?
-4
6 + -4 + -2 + 0
0
What is the value of -5 + (4 - 5) + -4 + 8?
-2
Calculate -4 + -5 + 3 + 1.
-5
Calculate (-2 - -4) + (5 - (2 + 0)).
5
(-6 - -6) + (0 - (4 + 2))
-6
What is the value of (2 - 3) + -34 + 35?
0
What is -5 - (-5 + 0 + 1)?
-1
What is -3 - -1 - -2 - (4 - 0)?
-4
What is -4 + (6 + 1 - 4)?
-1
What is the value of (1 - 5 - -4) + 23 + -17?
6
Calculate 7 + (0 + 0 - 10).
-3
What is the value of 1 + 4 + (-5 - 3) + -5?
-8
What is the value of 0 + (3 - 8) + 13?
8
What is -1 + (4 - 6) + 2 - 4?
-5
Calculate (4 - (0 - 0)) + -3.
1
-3 + (-4 + 1 - (13 - 23))
4
What is 2 - 5 - (1 + -2)?
-2
3 - (-1 + -2 + 1)
5
-1 + (-3 - -1) - (0 - 4)
1
What is 6 - (4 - 5) - (6 + 3)?
-2
Calculate -82 + 82 + (6 - 1).
5
Calculate (-2 - -6) + (0 - 2).
2
2 - (-6 - -10) - (-1 - 3)
2
What is the value of 1 + -3 + 0 - 1 - -8?
5
(5 - 5) + 2 + 0 + -5
-3
What is the value of -6 + (-3 - -7) + 6?
4
Calculate 0 + (-2 + 5 - (0 - -2)).
1
What is -7 - (-13 + (-1 - -2))?
5
Evaluate -2 + (6 - 1) + 5 + -1.
7
Calculate -4 + (-4 - -14) + 0 + -1.
5
9 + -7 + -2 + 2 + -6
-4
Evaluate -3 + (4 - 0) + -4 + 6.
3
-3 - (-1 + (-4 - 5))
7
What is 3 + -5 + (-2 - -8) + -4?
0
What 